 u(-6)?
-5
Let k(j) = -8*j**2 + 6*j + 31. Let u(y) = y**2 - 5. Let x(c) = k(c) + 6*u(c). Determine x(0).
1
Let v(q) = 8*q**2 - 1821*q + 3646. Let o be v(2). Let z(g) = g**3 - 37*g**2 + 37*g - 52. Determine z(o).
-16
Let f(a) = 2*a - 10. Let m = -113 - -92. Let p be m*1/(-3)*(-1 - -2). Determine f(p).
4
Let v(p) = p**2 - 13*p - 27. Suppose 0 = 4*z + 4*y - 47 - 13, 4*z + 2*y = 60. Give v(z).
3
Let d = 8267 - 8272. Suppose 41 + 19 = 5*c. Let f(u) = -6 - 3*u - u**2 + c + 1. Determine f(d).
-3
Let f(d) be the first derivative of -3*d**2/2 - 83*d - 6321. Give f(-31).
10
Let z = 13816 - 13943. Suppose -132 = -2*h + 128. Let g = h + z. Let t(b) = -b**3 + 3*b**2 - b + 4. Give t(g).
1
Let v(f) = -13*f**2 - 2*f. Suppose -2 = 5*w - 0*w + y, 3*w = 2*y + 17. What is v(w)?
-15
Let s(i) = i - 2. Let n(d) = d - 1. Let c(m) = -5*n(m) + 4*s(m). Let z be 11/((-22)/4)*-2. Suppose 4*h = 2*l - 3*l + 12, 3*l + z = -2*h. Determine c(l).
1
Let r(j) = -2*j**2 + 16*j + 21. Let c(s) = -s**3 - 9*s**2 - 20*s - 33. Let t be c(-7). Determine r(t).
3
Let g(t) = 3*t**2 - t + 1. Let r(v) = -v**3 - 6*v. Let z(m) = -g(m) + r(m). Give z(-5).
74
Let q(u) = 13*u + 123. Let l = 3505 - 3514. Give q(l).
6
Let b(k) = -k**2 + 16*k - 7. Let y be 44/264 + (-4)/(8*3). Calculate b(y).
-7
Let u be (-10)/(-6) - (-1)/3. Let r(f) = 7*f**2 - 12*f + 3. Let j(d) = 15*d**2 - 25*d + 6. Let g = 422 - 428. Let o(z) = g*j(z) + 13*r(z). Calculate o(u).
-5
Let b be 287/8 + 9/72. Suppose 0 = -2*c - 12 + b. Let q(z) = c*z**2 + 5 - 2 + 10*z**2 - z - 21*z**2. Give q(0).
3
Let w(s) = -65*s + 3 + 41*s + 41*s - 13 + 6. Calculate w(-6).
-106
Let u(m) = -232*m + 930. Let k be ((-6)/(-6))/(2 - 7) - (-42)/10. Determine u(k).
2
Let z(j) = -16*j**3 + j**2 + j + 1. Let t(u) be the first derivative of -3*u**4/4 - 5. Let h(o) = 11*t(o) - 2*z(o). Let d = 45 - 47. Calculate h(d).
2
Suppose -2*t - 10 = -7*t. Suppose 0 = 11*h - t + 13. Let v(l) = l + 1. Let i(o) = -11*o**2 + 7*o + 6. Let w(d) = i(d) - 5*v(d). Give w(h).
-12
Let s(l) = 2*l. Let w be s(3). Let d(a) = -w - 7 - a + 18. Let f be 1/(-5) + (16/5 - -3). Give d(f).
-1
Let b(u) = u**3 + 7*u**2 + 8*u + 3. Suppose -3*q - 26*t + 17 = -21*t, 20 = -q + 2*t. Calculate b(q).
-9
Let m(x) = -9 - 20*x**2 + x**3 - 15*x**2 - 9*x**2 + 28*x**2 + 29*x. Let w be m(14). Let a(h) = h**2 - h + 3. Calculate a(w).
23
Suppose -4*q + 7 + 9 = 0. Suppose -q*k - 24 = -k. Let l(g) be the first derivative of -g**4/4 - 7*g**3/3 + 4*g**2 - 3*g - 76520. Determine l(k).
-3
Let n(w) = 33*w + 3*w**3 + w**2 - 2*w**3 - 34*w + 1. Suppose 5*j = 5*r - 30, 5*r + 0*j - 2*j - 24 = 0. Suppose r*d = 4*y - 16, y - 5 = 3*d + 3. Determine n(d).
-1
Suppose 263 = -5*x - 57. Let k = x + 64. Let c(q) = 0*q + k + 1 + 6 + q - q**3. Determine c(0).
7
Let o(x) = -118533*x + 118530*x - 22 + x**2 + 0*x**2. What is o(6)?
-4
Let r = 207 + -201. Let d be (-15)/r*5/((-100)/24). Let g(h) = -3*h + 7. What is g(d)?
-2
Let g(p) = -p**3 + 6*p**2 - p + 5. Let t = -157 - -156. Let h be (3 - (-70)/(-21))/(t/18). Calculate g(h).
-1
Let z be 6 + -12 - (-35 + 34). Let m(i) = -i**2 + 11*i + 92. Determine m(z).
12
Suppose 0 = 2*s + 7*s + 1413. Let v = s + 149. Let f(r) = r + r**2 + 3*r + 10 + 6*r. Give f(v).
-6
Let s(q) = -8*q**2 - 83*q - 4. Let k(a) = a**2 + 18*a + 1. Let h(c) = -5*k(c) - s(c). What is h(5)?
39
Let r(b) be the first derivative of -b**5/40 - 31*b**4/24 + 29*b**3 + 131. Let v(h) be the third derivative of r(h). Calculate v(-9).
-4
Let m(c) = 4*c**3 - 36*c**2 - 12*c - 37. Let v(b) = -3*b**3 + 33*b**2 + 14*b + 39. Let s(x) = -4*m(x) - 5*v(x). Determine s(-20).
-7
Let a(w) = -w - 61. Let o(t) = t + 33. Let p(h) = 6*a(h) + 11*o(h). Let l = -8 - -10. Give p(l).
7
Let o(r) = -37*r**2 - 29*r**2 + 72*r**2 - 3 + 82*r**3 - 84*r**3 - r. Determine o(4).
-39
Suppose 0 = 9*h + 6*h - 30. Suppose -t = -6*t + 10. Let x(w) = -28*w + 4*w**2 + 11*w - h*w**t + 13*w + 1. Determine x(3).
7
Let a(o) = -o**3 + 53*o**2 + 55*o - 52. Let c be a(54). Let i(f) be the third derivative of -f**4/6 + f**3/6 - 3*f**2. Calculate i(c).
-7
Suppose -2*c - 8 + 12 = 0. Suppose -2 = -2*y - c*s, 3*y + 0*s - 19 = 5*s. Let t(g) = -12*g**2 - 4 + 0 - 3*g + 16*g**2. Give t(y).
23
Let i(p) = 3*p**3 - 7*p**2 - 4*p + 4. Let s(l) = -5*l**3 + 7*l**2 + 3*l - 4. Let u(o) = 3*i(o) + 2*s(o). Give u(-6).
4
Suppose 0 = -385*l - 221*l + 3030. Let n(r) = -2*r**2 - r - 3. Let o(w) = 5*w**2 + 2*w + 5. Let b(s) = 7*n(s) + 3*o(s). Calculate b(l).
14
Let i(u) = -2*u - 16. Let z(h) = 7*h + 36. Let m(b) = -6*i(b) - 2*z(b). Give m(10).
4
Let z(p) be the first derivative of p**2/2 + 16*p - 1147. What is z(-9)?
7
Let k be 2/4*-4 - -4. Suppose 2*t = -5*m + 16, -3*t + k = -0*m + 2*m. Let o(g) = -4*g + 1. Calculate o(m).
-15
Suppose -5*j = -11 + 6. Let f(u) = u**2 + u. Let q(z) = 5*z**2 + 11*z - 7. Let c(a) = j*q(a) - 6*f(a). Suppose -3*t - 6*t = -45. Calculate c(t).
-7
Suppose -v + 4*v - h + 9 = 0, 4*v + 5*h = 7. Let n(s) be the first derivative of s**3/3 + 3*s**2/2 + 3*s - 134. What is n(v)?
1
Let h(x) = 2*x**2 + 3*x**3 - 3 - 3*x**3 + 5*x - x**3. Suppose 253 - 8 + 181 = 142*f. Calculate h(f).
3
Let q(b) = 106*b**2 - 17 + 23*b - 104*b**2 - 5*b**3 - 39*b. Calculate q(-1).
6
Let v(w) be the first derivative of -7*w**2/2 + 85*w - 3384. What is v(11)?
8
Let j(i) = -5*i**2 - i. Let w be j(1). Let b = w + 11. Let y(m) = 187*m + 110*m - 296*m - 7. What is y(b)?
-2
Let h = -186 - -185. Let t(l) = 7*l**3 + 3*l**2 + 6*l + 2. Let n(y) = -y**3 + y**2 + 3*y + 1. Let w(v) = -2*n(v) + t(v). Determine w(h).
-8
Let n(o) be the third derivative of -o**4/12 - o**3/6 + o**2. Let i be 50/(-1075) - 762/258. What is n(i)?
5
Let u(r) = -r + 11. Let a be u(11). Let t(d) be the third derivative of 0 - 1/120*d**6 - 5/6*d**3 + 17*d**2 + 0*d - 1/24*d**4 + 1/60*d**5. Calculate t(a).
-5
Let r(w) = 6*w**2 - 70*w + 186. Let c be r(6). Let z(x) = 10*x + 184. Calculate z(c).
4
Let j(d) = -d**2 - d + 3. Let l(x) = 4*x**2 + 10*x. Let h be 13/((-78)/24) - -3. Let i(u) = h*l(u) - 3*j(u). Give i(-6).
-3
Let i(d) be the third derivative of -19*d**4/24 + d**3/6 - 92*d**2 + d + 1. Determine i(-2).
39
Let h(t) = -15*t + 92. Let a be h(6). Let q(p) = 2*p**2 - p. Let i(o) = -4*o**2 + 3*o. Let l(j) = a*i(j) + 5*q(j). Suppose 0 = -2*g + 3*g - 2. Calculate l(g).
10
Suppose -613*m + 103 = -716*m. Let t(s) = 29*s + 3. Calculate t(m).
-26
Let z(b) = b**3 - 8*b**2 - 20*b + 3. Suppose 0 = 4*j - 1923*y + 1922*y - 32, j = 4*y - 7. Determine z(j).
-96
Let v = 78 - 75. Let q(c) = 14 + 0 + 20*c - 17*c - v + 3. Give q(-8).
-10
Let b(n) be the second derivative of -4/3*n**3 + 4*n + 0 - 7*n**2 - 1/60*n**5 + 5/12*n**4. Let t(s) be the first derivative of b(s). What is t(8)?
8
Let u(p) = p**2 - p - 1. Let v be ((-242)/(-121))/((-1)/(-2)*1). Suppose 3*n + g = 6*n + 6, -3*n - v*g + 9 = 0. Give u(n).
1
Let g(n) = -43*n + 6*n**3 + 2*n**2 - 5*n**3 + 47*n - 5 - n**2. Give g(0).
-5
Let w(a) = -7*a + 12. Let g(l) = -3*l + 6. Let v(m) = 5*g(m) - 2*w(m). Let i be -16*((-18)/4 - -3). Let d = 29 - i. Determine v(d).
1
Suppose 61 + 24 = 5*i + 5*u, 88 = 5*i + 4*u. Suppose 21*w - 3 = i*w. Let z(r) be the third derivative of -r**5/60 + r**4/8 + r**3/6 + 3*r**2. Determine z(w).
1
Let p(g) be the third derivative of -g**6/120 - 2*g**5/15 + 23*g**4/24 + 35*g**3/6 + 102*g**2. Calculate p(-10).
5
Let r(k) = 4*k + 12. Let g(d) = 2*d**3 + 17*d**2 + 40*d + 60. Let m be g(-6). Calculate r(m).
12
Let q(m) = 12*m**3 - 27*m**2 - 50*m - 7. Let h(p) = -5*p**3 + 14*p**2 + 24*p + 4. Let i(l) = -5*h(l) - 2*q(l). Calculate i(17).
-57
Suppose -73*d = -90*d - 527. Let s(h) = -2*h - 62. Calculate s(d).
0
Let r(u) = -35*u**2 - 3*u - 31. Let p(q) = 16*q**2 + q + 14. Let l(v) = 9*p(v) + 4*r(v). Calculate l(-2).
24
Let b = -3530 - -3528. Let t(h) = -2*h**3 - 8*h**2 - 6*h + 1. What is t(b)?
-3
Suppose 869 = -59*m + 102. Let h(q) = -4*q - 47. Give h(m).
5
Let j(q) be the second derivative of 103*q + 1/6*q**3 - 1/5*q**5 + 0 + 1/6*q**4 + 0*q**2. Calculate j(-1).
5
Let a(j) = -10*j**2 - j - 113. Let k(p) = -10*p**2 - p - 114. Let u(i) = 5*a(i) - 4*k(i). Let f(r) be the first derivative of u(r). What is f(-1)?
19
Let f be 15/(-20) + (-5 - ((-210)/24 + 4)). Let z(o) = 9*o**3 - 3*o**2 - 4*o. Determine z(f).
-8
Let r(b) = 2*b**3 - 11*b**2 - 15*b + 100. Suppose -4 = 3*p + 3*d - 22, 16 = 3*p + d. Give r(p)